[INFO] cloning repository https://github.com/Mistra/A.S.D.
[INFO] running `Command { std: "git" "-c" "credential.helper=" "-c" "credential.helper=/workspace/cargo-home/bin/git-credential-null" "clone" "--bare" "https://github.com/Mistra/A.S.D." "/workspace/cache/git-repos/https%3A%2F%2Fgithub.com%2FMistra%2FA.S.D.", kill_on_drop: false }`
[INFO] [stderr] Cloning into bare repository '/workspace/cache/git-repos/https%3A%2F%2Fgithub.com%2FMistra%2FA.S.D.'...
[INFO] running `Command { std: "git" "rev-parse" "HEAD", kill_on_drop: false }`
[INFO] [stdout] 0afb343b19427165a490e0a5e3accee1c427a12f
[INFO] checking Mistra/A.S.D. against try#72f88fc4e9458f89516a0b8b0868f3718aec5b47 for pr-74989
[INFO] running `Command { std: "git" "clone" "/workspace/cache/git-repos/https%3A%2F%2Fgithub.com%2FMistra%2FA.S.D." "/workspace/builds/worker-12/source", kill_on_drop: false }`
[INFO] [stderr] Cloning into '/workspace/builds/worker-12/source'...
[INFO] [stderr] done.
[INFO] validating manifest of git repo https://github.com/Mistra/A.S.D. on toolchain 72f88fc4e9458f89516a0b8b0868f3718aec5b47
[INFO] running `Command { std: "/workspace/cargo-home/bin/cargo" "+72f88fc4e9458f89516a0b8b0868f3718aec5b47" "read-manifest" "--manifest-path" "Cargo.toml", kill_on_drop: false }`
[INFO] started tweaking git repo https://github.com/Mistra/A.S.D.
[INFO] finished tweaking git repo https://github.com/Mistra/A.S.D.
[INFO] tweaked toml for git repo https://github.com/Mistra/A.S.D. written to /workspace/builds/worker-12/source/Cargo.toml
[INFO] crate git repo https://github.com/Mistra/A.S.D. already has a lockfile, it will not be regenerated
[INFO] running `Command { std: "/workspace/cargo-home/bin/cargo" "+72f88fc4e9458f89516a0b8b0868f3718aec5b47" "fetch" "--locked" "--manifest-path" "Cargo.toml", kill_on_drop: false }`
[INFO] running `Command { std: "docker" "create" "-v" "/var/lib/crater-agent-workspace/builds/worker-12/target:/opt/rustwide/target:rw,Z" "-v" "/var/lib/crater-agent-workspace/builds/worker-12/source:/opt/rustwide/workdir:ro,Z" "-v" "/var/lib/crater-agent-workspace/cargo-home:/opt/rustwide/cargo-home:ro,Z" "-v" "/var/lib/crater-agent-workspace/rustup-home:/opt/rustwide/rustup-home:ro,Z" "-e" "SOURCE_DIR=/opt/rustwide/workdir" "-e" "CARGO_TARGET_DIR=/opt/rustwide/target" "-e" "CARGO_HOME=/opt/rustwide/cargo-home" "-e" "RUSTUP_HOME=/opt/rustwide/rustup-home" "-w" "/opt/rustwide/workdir" "-m" "1610612736" "--user" "0:0" "--network" "none" "rustops/crates-build-env@sha256:d92eaeed33fa75130ca1ee6c8a01d1ffb62bac859dfdfb3450e3e5d1c0146529" "/opt/rustwide/cargo-home/bin/cargo" "+72f88fc4e9458f89516a0b8b0868f3718aec5b47" "metadata" "--no-deps" "--format-version=1", kill_on_drop: false }`
[INFO] [stdout] b85aec1690625526155255178b371fc56a73c1fe3e3ef50c1339044017b385f7
[INFO] [stderr] WARNING: Your kernel does not support swap limit capabilities or the cgroup is not mounted. Memory limited without swap.
[INFO] running `Command { std: "docker" "start" "-a" "b85aec1690625526155255178b371fc56a73c1fe3e3ef50c1339044017b385f7", kill_on_drop: false }`
[INFO] running `Command { std: "docker" "inspect" "b85aec1690625526155255178b371fc56a73c1fe3e3ef50c1339044017b385f7", kill_on_drop: false }`
[INFO] running `Command { std: "docker" "rm" "-f" "b85aec1690625526155255178b371fc56a73c1fe3e3ef50c1339044017b385f7", kill_on_drop: false }`
[INFO] [stdout] b85aec1690625526155255178b371fc56a73c1fe3e3ef50c1339044017b385f7
[INFO] running `Command { std: "docker" "create" "-v" "/var/lib/crater-agent-workspace/builds/worker-12/target:/opt/rustwide/target:rw,Z" "-v" "/var/lib/crater-agent-workspace/builds/worker-12/source:/opt/rustwide/workdir:ro,Z" "-v" "/var/lib/crater-agent-workspace/cargo-home:/opt/rustwide/cargo-home:ro,Z" "-v" "/var/lib/crater-agent-workspace/rustup-home:/opt/rustwide/rustup-home:ro,Z" "-e" "SOURCE_DIR=/opt/rustwide/workdir" "-e" "CARGO_TARGET_DIR=/opt/rustwide/target" "-e" "CARGO_INCREMENTAL=0" "-e" "RUST_BACKTRACE=full" "-e" "RUSTFLAGS=--cap-lints=forbid" "-e" "CARGO_HOME=/opt/rustwide/cargo-home" "-e" "RUSTUP_HOME=/opt/rustwide/rustup-home" "-w" "/opt/rustwide/workdir" "-m" "1610612736" "--user" "0:0" "--network" "none" "rustops/crates-build-env@sha256:d92eaeed33fa75130ca1ee6c8a01d1ffb62bac859dfdfb3450e3e5d1c0146529" "/opt/rustwide/cargo-home/bin/cargo" "+72f88fc4e9458f89516a0b8b0868f3718aec5b47" "check" "--frozen" "--all" "--all-targets" "--message-format=json", kill_on_drop: false }`
[INFO] [stdout] cc6b88bf58fbddb7710f35245183caa8c4d686404a4b7c9f6aadc5a2bed95b24
[INFO] [stderr] WARNING: Your kernel does not support swap limit capabilities or the cgroup is not mounted. Memory limited without swap.
[INFO] running `Command { std: "docker" "start" "-a" "cc6b88bf58fbddb7710f35245183caa8c4d686404a4b7c9f6aadc5a2bed95b24", kill_on_drop: false }`
[INFO] [stderr]     Checking asd v0.1.0 (/opt/rustwide/workdir)
[INFO] [stdout] warning: `...` range patterns are deprecated
[INFO] [stdout]  --> src/algo/misc/fibonacci.rs:5:11
[INFO] [stdout]   |
[INFO] [stdout] 5 |         1 ... 2 => 1,
[INFO] [stdout]   |           ^^^ help: use `..=` for an inclusive range
[INFO] [stdout]   |
[INFO] [stdout]   = note: `#[warn(ellipsis_inclusive_range_patterns)]` on by default
[INFO] [stdout] 
[INFO] [stdout] 
[INFO] [stdout] warning: `...` range patterns are deprecated
[INFO] [stdout]  --> src/algo/misc/fibonacci.rs:5:11
[INFO] [stdout]   |
[INFO] [stdout] 5 |         1 ... 2 => 1,
[INFO] [stdout]   |           ^^^ help: use `..=` for an inclusive range
[INFO] [stdout]   |
[INFO] [stdout]   = note: `#[warn(ellipsis_inclusive_range_patterns)]` on by default
[INFO] [stdout] 
[INFO] [stdout] 
[INFO] [stdout] error[E0505]: cannot move out of value because it is borrowed
[INFO] [stdout]  --> src/memo/tree/tree.rs:9:13
[INFO] [stdout]   |
[INFO] [stdout] 5 | fn successor(mut next: &mut Link) -> &mut Link {
[INFO] [stdout]   |                        - let's call the lifetime of this reference `'1`
[INFO] [stdout] ...
[INFO] [stdout] 8 |             &mut Some(ref mut node) if node.left.is_some() => next = &mut node.left,
[INFO] [stdout]   |                       ------------
[INFO] [stdout]   |                       |
[INFO] [stdout]   |                       borrow of value occurs here
[INFO] [stdout]   |                       assignment requires that borrow lasts for `'1`
[INFO] [stdout] 9 |             other @ &mut Some(_) => return other,
[INFO] [stdout]   |             ^^^^^^^^^^^^^^^^^^^^ move out of value occurs here
[INFO] [stdout] 
[INFO] [stdout] 
[INFO] [stdout] error[E0505]: cannot move out of value because it is borrowed
[INFO] [stdout]   --> src/memo/tree/tree.rs:88:17
[INFO] [stdout]    |
[INFO] [stdout] 81 |     fn _msearch(target: &mut Link, elem: i32) -> &mut Link {
[INFO] [stdout]    |                         - let's call the lifetime of this reference `'1`
[INFO] [stdout] ...
[INFO] [stdout] 85 |                 &mut Some(ref mut node) if elem != node.value => {
[INFO] [stdout]    |                           ------------ borrow of value occurs here
[INFO] [stdout] ...
[INFO] [stdout] 88 |                 other => return other
[INFO] [stdout]    |                 ^^^^^           ----- returning this value requires that borrow lasts for `'1`
[INFO] [stdout]    |                 |
[INFO] [stdout]    |                 move out of value occurs here
[INFO] [stdout] 
[INFO] [stdout] 
[INFO] [stdout] error[E0505]: cannot move out of value because it is borrowed
[INFO] [stdout]  --> src/memo/tree/tree.rs:9:13
[INFO] [stdout]   |
[INFO] [stdout] 5 | fn successor(mut next: &mut Link) -> &mut Link {
[INFO] [stdout]   |                        - let's call the lifetime of this reference `'1`
[INFO] [stdout] ...
[INFO] [stdout] 8 |             &mut Some(ref mut node) if node.left.is_some() => next = &mut node.left,
[INFO] [stdout]   |                       ------------
[INFO] [stdout]   |                       |
[INFO] [stdout]   |                       borrow of value occurs here
[INFO] [stdout]   |                       assignment requires that borrow lasts for `'1`
[INFO] [stdout] 9 |             other @ &mut Some(_) => return other,
[INFO] [stdout]   |             ^^^^^^^^^^^^^^^^^^^^ move out of value occurs here
[INFO] [stdout] 
[INFO] [stdout] 
[INFO] [stdout] error[E0505]: cannot move out of value because it is borrowed
[INFO] [stdout]   --> src/memo/tree/tree.rs:88:17
[INFO] [stdout]    |
[INFO] [stdout] 81 |     fn _msearch(target: &mut Link, elem: i32) -> &mut Link {
[INFO] [stdout]    |                         - let's call the lifetime of this reference `'1`
[INFO] [stdout] ...
[INFO] [stdout] 85 |                 &mut Some(ref mut node) if elem != node.value => {
[INFO] [stdout]    |                           ------------ borrow of value occurs here
[INFO] [stdout] ...
[INFO] [stdout] 88 |                 other => return other
[INFO] [stdout]    |                 ^^^^^           ----- returning this value requires that borrow lasts for `'1`
[INFO] [stdout]    |                 |
[INFO] [stdout]    |                 move out of value occurs here
[INFO] [stdout] 
[INFO] [stdout] 
[INFO] [stdout] error: aborting due to 2 previous errors; 1 warning emitted
[INFO] [stdout] 
[INFO] [stdout] 
[INFO] [stdout] For more information about this error, try `rustc --explain E0505`.
[INFO] [stdout] 
[INFO] [stdout] error: aborting due to 2 previous errors; 1 warning emitted
[INFO] [stdout] 
[INFO] [stdout] 
[INFO] [stdout] For more information about this error, try `rustc --explain E0505`.
[INFO] [stdout] 
[INFO] [stderr] error: could not compile `asd`.
[INFO] [stderr] 
[INFO] [stderr] To learn more, run the command again with --verbose.
[INFO] [stderr] warning: build failed, waiting for other jobs to finish...
[INFO] [stderr] error: build failed
[INFO] running `Command { std: "docker" "inspect" "cc6b88bf58fbddb7710f35245183caa8c4d686404a4b7c9f6aadc5a2bed95b24", kill_on_drop: false }`
[INFO] running `Command { std: "docker" "rm" "-f" "cc6b88bf58fbddb7710f35245183caa8c4d686404a4b7c9f6aadc5a2bed95b24", kill_on_drop: false }`
[INFO] [stdout] cc6b88bf58fbddb7710f35245183caa8c4d686404a4b7c9f6aadc5a2bed95b24
